0 - 2*m**4/3 + 3*m**3/2 + 3*m. Determine c(7).
14
Let d(r) = -r**2 + 5*r + 2. Let q = 3 - 0. Let g be 2/(5 - 3)*-1*2. Let l be (-4)/g - (q + -6). Give d(l).
2
Let y(u) be the first derivative of u + 5 + 1/4*u**4 + u**3 - u**2. What is y(-3)?
7
Let m(h) be the first derivative of 3*h**2/2 - h + 4. Determine m(-1).
-4
Let v(z) = -2*z + 1. Let j = -3 - -3. Suppose -4*s = -j - 4. Let r be s - 1 - (-4 + 2). Calculate v(r).
-3
Let v(z) = -z**3 - 2*z**2 + 2*z. Let r be v(-3). Let x(l) = 4*l**2 - 3*l**2 - r*l + 8*l + 5. Suppose 0 = -3*n + t - 7, 2*n + t + 28 = -3*t. Determine x(n).
1
Let g(k) = -3*k**2 - 2*k + 16. Let y(p) = -p**2 - p + 5. Let u(x) = 2*g(x) - 7*y(x). Determine u(-4).
1
Let d(z) = -6*z**3 - 7*z**2 + 6*z - 1. Let r(x) = x**3 + x**2 - x. Let i(c) = -d(c) - 5*r(c). Give i(-3).
-5
Let k(n) = n**2 - 2*n + 3. Suppose -11*s + 12*s - 2 = 0. What is k(s)?
3
Let p(o) = 10*o**2 - o - 1. Let f be (-1 - 0) + (0/(-2))/3. Give p(f).
10
Let g(k) = k. Suppose 56 = 3*f + 2*z, -f = -0*f - 4*z - 14. Let a be f/4*(-32)/(-24). What is g(a)?
6
Let g(j) = -3*j**3 - 7*j**2 - 26*j. Let i(t) = 2*t**3 + 5*t**2 + 17*t. Let p(n) = -5*g(n) - 8*i(n). Suppose -14 + 2 = 3*z. Determine p(z).
8
Let x = -3 + 7. Let b(i) be the third derivative of i**5/60 - 7*i**4/24 + 5*i**3/6 + 53*i**2. Give b(x).
-7
Let a = -38 - -26. Let f be (a/(-2))/((-6)/(-4)). Let w(c) = -c**3 + 3*c**2 + 3*c - 1. What is w(f)?
-5
Let g(z) = z - 1. Let d = 125 + -127. What is g(d)?
-3
Suppose 2*x - 2*c = -3*x + 31, 0 = -3*x + 5*c + 11. Let a(g) = x + 6*g - 5*g**3 - 6*g**2 + 6*g**3 - g**2. Calculate a(6).
7
Let d(c) = -10*c - 3. Let z(r) = 3*r + 1. Let a = 8 + -6. Let f(w) = a*d(w) + 7*z(w). Let m(j) = j**2 + 8*j + 4. Let g be m(-7). What is f(g)?
-2
Let r(o) = 2*o - 5. Let x be r(5). Suppose h - x*c - 15 = 0, 3*h - h = -4*c + 16. Let f(m) = m + h + m - m. Determine f(-5).
5
Let a(c) = c**2 - 2*c + 1. Let d = 17 + -15. Calculate a(d).
1
Let v be (9 + -3)*1/2. Let h(y) be the first derivative of v + 2*y**2 + 1/3*y**3 - 5*y. Determine h(-4).
-5
Let x(u) = -2*u**2 + 3 - 2*u + 4 + u**3 - 3. Let h be -1*9/(-6)*2. Give x(h).
7
Suppose -t = 3*k + 12, -k + t + 9 = -3*k. Let l(m) = -2*m**3 - 5*m**2 - 3*m. What is l(k)?
18
Let d(x) = x**2 - 12*x + 3. Let g be d(12). Let n(l) = 2*l - l**3 + l**3 + 4*l**3 - 5*l**g + 3 - 3*l**2. What is n(-3)?
-3
Let w(a) = 17*a - 9 - 44*a + 12*a + 14*a. Calculate w(-7).
-2
Let n(f) = f**2 - 4*f - 5. Let v(l) = -5*l - 40. Let w be v(-9). Determine n(w).
0
Let h = 77 + -71. Let f(x) = -x**3 + 6*x**2 - x + 5. Give f(h).
-1
Let j(o) = 2 + 17*o + 6 - 15*o - 2. What is j(-6)?
-6
Suppose 2*u + 2*h - 10 = 0, 4 = -5*u + h + 17. Suppose 11 = -3*x - 2*g, -x - u*g = -2*x - 11. Let a = x + 2. Let p(q) = 2*q - 2. What is p(a)?
-8
Suppose -3*z = -2*a + 1, -z + 3 + 26 = 3*a. Suppose 0 = -p - p - a. Let u(y) = -2*y - 3. Give u(p).
5
Let a be -1 + (-3 - (4 - 2)). Let x(t) = t**2 + 8*t + 4. Give x(a).
-8
Let k(p) = p**3 + 11*p**2 + 10*p - 1. Suppose 4*y + 30 = y. Let m be k(y). Let t be (-2 - 1) + (-3)/m. Let q(a) = a**2 - a + 11. Determine q(t).
11
Let i(j) = -5*j**3 + j. Suppose -v = -3*v - 2. What is i(v)?
4
Let m(b) = 3 + 4*b - b**3 - 5*b - 4 + b**2. Let t be m(-1). Let o(v) = 8*v**2 - v**t + 1 - v**2. Calculate o(-1).
7
Let f(k) = -3*k**3 + k**2 - 2*k + 1. Let y be 112/12 + 2/(-6). Let t = -8 + y. Calculate f(t).
-3
Suppose 38*w - 30 = 33*w. Let p(j) = j - 7. Let v(a) = 3*a - 22. Let g(f) = -8*p(f) + 3*v(f). What is g(w)?
-4
Let y(b) = -3*b**2 - b + 2. Let f = -6 - -17. Let m(z) = 16*z**2 + 5*z - 10. Let x(s) = f*y(s) + 2*m(s). Give x(0).
2
Let h(a) = -2*a**3 - 7. Let w(j) = j**3 - j**2 + j + 1. Let i(l) = h(l) + 3*w(l). Let c = 10 + -7. Give i(c).
5
Suppose 0 = -4*b + 2*b - 6. Let k(n) be the third derivative of 2/3*n**3 + 0*n - 1/12*n**4 - 3*n**2 + 0. What is k(b)?
10
Let b be (5 - 1) + 6 + -6. Let s(z) = z**3 - 4*z**2 + 6*z - 6. Calculate s(b).
18
Let y(v) be the third derivative of -v**6/360 + v**5/30 + v**4/12 - v**3/3 + v**2. Let m(x) be the first derivative of y(x). Determine m(4).
2
Let s = -14 - -17. Let t(h) = h**3 - 3*h**2 + h + 2. Determine t(s).
5
Let m(u) be the second derivative of 0 - 3/2*u**2 - 1/12*u**4 - 3*u + 1/6*u**3. Give m(0).
-3
Let v(y) be the first derivative of -3 + 1/24*y**4 - 3/2*y**2 + 0*y**3 + 0*y. Let m(o) be the second derivative of v(o). Calculate m(0).
0
Let i(n) = n**3 - n**2 + n + 1. Let a(h) = -3*h**3 + 2*h**2 - 4*h - 3. Let u(d) = a(d) + 4*i(d). Determine u(2).
1
Let y(v) be the first derivative of -2 - 2*v**3 + 1/2*v**2 + 1/4*v**4 - 2*v. Determine y(6).
4
Let l be 2 - (3 + -2 - 2). Let m(v) = -27*v + 21*v + v**2 - 2 + 3. Determine m(l).
-8
Suppose 14 = 4*k - 2. Let a(v) = 3 - k + 2*v - 5 + 5. Give a(3).
5
Let r(a) = 5*a**3 - a**2 - 7*a + 7. Let v(t) = -t**3 + t - 1. Let o(b) = r(b) + 6*v(b). Let h(c) = -c - 3. Let l be h(-4). Calculate o(l).
-2
Suppose 15 = 2*s - 1. Let z = 7 - s. Let q(b) = -15*b + 2. Let j(o) = -8*o + 1. Let y(t) = 7*j(t) - 4*q(t). Calculate y(z).
-5
Suppose 0 = 3*a - 4*a - 4*w - 6, 5*a + 4*w = 18. Let d(x) = -x**2 + 4*x + 4. Calculate d(a).
-8
Suppose 2*j = -2*j. Let a(r) be the second derivative of r**5/20 + r**4/12 + r**3/6 - 2*r. Give a(j).
0
Let z be (4 + -1)/(1*-1). Let n(q) be the third derivative of q**5/60 + 5*q**4/24 + q**3/3 - 4*q**2 - 9*q. Give n(z).
-4
Let c(o) be the second derivative of 2*o**5/5 + o**3/6 - o**2/2 + 2*o. Let r be (4/(12/21))/(-1). Let n(s) = -s**2 - 7*s + 1. Let m be n(r). Give c(m).
8
Let h(y) = -3*y + 2 + 5 + 2*y - 5. Suppose 6 = -5*o - 2*m, 2*o - m = 5*o + 4. Calculate h(o).
4
Suppose 0 = 2*c - 4*a - 20 - 8, 5*c - 25 = a. Let q(k) be the second derivative of 0 - k + 1/2*k**2 - 2/3*k**3 + 1/6*k**c. Calculate q(3).
7
Let m(f) = 3*f - 17. Let o be m(6). Let c(r) = 3*r**3 - 2*r**2 + r. Calculate c(o).
2
Let m(l) = -4*l - 4. Let c(a) = 4*a + 5. Let n(h) = -3*c(h) - 4*m(h). Suppose -i - 18 = 4*v, i = -i - 4*v - 20. What is n(i)?
-7
Let c(r) = -r + 7 + 0 + 3. Determine c(5).
5
Let w(n) = -n + 5. Let c(i) = 6. Let m(o) = -4*c(o) + 5*w(o). What is m(-3)?
16
Let b(k) = -4*k + 5. Let j = -26 + 33. What is b(j)?
-23
Let c(x) = -x - 7. Let g be c(-7). Let y(f) = -f - 6 + 6 + g*f. Let n = 9 - 14. Give y(n).
5
Let a(h) = -6*h - 31. Let p be a(-6). Let i(v) = v**3 - 5*v**2 - 4*v - 8. Let z be i(6). Let f(d) = -z + d - d + d. Give f(p).
1
Let o(s) be the third derivative of 7/120*s**6 + 1/24*s**4 + 0 + 1/60*s**5 - 1/6*s**3 + 0*s - 4*s**2. Calculate o(1).
8
Let u(l) = -l. Let q(p) be the third derivative of 3*p**4/8 - p**3/6 + p**2. Let x(v) = -q(v) - 4*u(v). Let o = -76 + 75. Give x(o).
6
Let y(n) = n + 6. Let p be (-1)/7 - 513/(-63). Let b = -11 + 19. Let d = b - p. Calculate y(d).
6
Let m(b) be the first derivative of b**3/3 - b**2/2 - 3*b - 2. Determine m(3).
3
Suppose 5*b + 5 - 5 = 0. Let r(s) = -s + 15. What is r(b)?
15
Suppose 4*u - 9*u = -15. Let l(s) = -u - 3*s + 3*s + 4*s - s. What is l(4)?
9
Let i(w) = 18*w - 15*w + 2 - 3 - 6*w. What is i(-5)?
14
Let w be 2 - (7 - (-2 + 1)). Let n(c) be the third derivative of -c**4/24 + c**3/6 - c**2 - 23*c. Determine n(w).
7
Suppose -2*l + 5*o = 75, 0*o = -5*l + 4*o - 145. Let r be (-95)/l + 1/5. Let w(j) = -j + r + 2 + 2 - 4. What is w(4)?
0
Let o(r) = r**2 + 6*r + 2. Let h be (-8)/(-6)*(4 + -7). Let a be (4*-1)/(h/(-6)). Determine o(a).
2
Let c(x) = x**2 - x + 4. Let w = 40 - 37. Calculate c(w).
10
Let m(n) = -4 - 10*n**2 + 3*n + 11*n**2 + 3 - 8*n. Determine m(4).
-5
Let d = 1 - -3. Let q be (5 - 5)*(-2)/(-6). Let j(l) = q*l - l**2 - 2*l + 1 + 4*l + 0*l**2. Determine j(d).
-7
Let s(b) = -b + 1. Let f(o) = -o + 2. Let i(r) = 3*f(r) - 4*s(r). Determine i(-5).
-3
Suppose 0*y - y = -8*y. Let r(m) = -m**3 + m**2 - 11. Calculate r(y).
-11
Let z be 24/14*35/10. Let m(i) = -3 + 1 + 1 + z*i. Give m(-1).
-7
Let d(w) = -3*w - 1 - 2 + 2*w. Suppose -3*x - 3*y = -2*y + 12, -2*x + 2*y = 0. Calculate d(x).
0
Let o(k) = -k**3 + 7*k**2 + 8. Let j be 2 + 3 - (-4 - -3)*2. Give o(j).
8
Let n(d) = -10*d**3 - d**2 + d. Let h = 6 + -5. Let s be n(h). Let l = -10 - s. Let x(a) = -a + 1. Give x(l).
1
Let o(c) = -2*c + 14 - 25 + 4*c**2 + 12. Determine o(2).
13
Let x(a) = -3*a - 1. Suppose 0 = -2*s + 10 - 2. Suppose -s*k = 1 - 5. What is x(k)?
-4
Suppose 0 = 3*j - 2*j - 3. Let q = 1 - j. Let k